factor of z and 205.
41
Suppose 4*c - 2*j - 230 = 0, -2*c + 0*j = -4*j - 100. Calculate the highest common divisor of 228 and c.
12
Let r = 609 - 618. Let y be (-12)/18 - 240/r. Calculate the highest common factor of 351 and y.
13
Let k(t) = -t**3 - 42*t**2 + 33*t - 78. Let u be k(-43). Let h = -84 + 180. Suppose h = 2*s + s. Calculate the highest common factor of u and s.
32
Let s be (4 - -149) + (-1 - 6/(-6)). What is the highest common divisor of s and 10863?
153
Let h(q) = -q**2 - 4*q + 2. Let m be h(-4). Let i be 8/5 + m/5. Suppose -170 + 181 = 4*f - 3*d, 5*f + 2*d = 31. Calculate the highest common factor of f and i.
1
Let b be (144/20 - 4)/((-2)/(-15)). Let i be (b - 6)*2/1. What is the highest common divisor of i and 576?
36
Suppose 3*s = 7 + 47. Let y be 1303/(-9) - (3 - 100/36). Let c = -1 - y. Calculate the greatest common divisor of c and s.
18
Suppose -18*t + 190258 = 41236. Calculate the highest common factor of t and 17.
17
Let s be -6 + 1/((-1)/(-111)). Suppose 2*y - 10 = -5*d + 30, -5*y = 3*d - 81. What is the greatest common factor of y and s?
15
Let o = 11810 + 76. Calculate the highest common factor of o and 7.
7
Let j = -74 - -271. Suppose 33 = 5*z - j. Calculate the highest common factor of z and 920.
46
Let k = -8372 - -8507. Calculate the highest common factor of 999 and k.
27
Suppose -8*b = -5*t - 1452, -2*b - 3*t + 220 = -160. Calculate the highest common divisor of 115 and b.
23
Let v be (8/10)/(1*(-8)/(-940)). Suppose 16*a - 50 = v. Calculate the highest common factor of a and 99.
9
Let z be (1 + (-2)/1)/((-89)/267). Suppose z*q + m - 1080 = 276, 2*q - 917 = -5*m. What is the greatest common divisor of q and 11?
11
Suppose -2520 = v - 6*v. Let u be v/20 - (-1)/(-5). Let s be (0 + -1)*u/(-25). What is the highest common factor of s and 1?
1
Suppose 26*n + 71 = 11*n + 11576. Calculate the greatest common divisor of 104 and n.
13
Let t(h) = -h**3 + 9*h**2 - 12*h + 116. Let m be t(9). Calculate the greatest common factor of 556 and m.
4
Let z(l) = 22*l + 22. Suppose -372*i - 24 = -380*i. Let w be z(i). What is the highest common factor of w and 132?
44
Let t(m) = -m**3 + 12*m**2 + 31*m + 18. Suppose 16 = k + 2. Let r be t(k). What is the greatest common factor of 12 and r?
12
Suppose -14 - 16 = -15*d. Let v(g) = 35*g + 2. Let j be v(d). Calculate the greatest common factor of j and 32.
8
Suppose 7*b - 24*b + 1428 = 0. Let f be 94/1 + 2 + 0/3. Calculate the highest common factor of f and b.
12
Let r = 7996 - 7644. Calculate the highest common divisor of r and 418.
22
Let z(p) = -14*p**3 + 228*p**2 - 244*p**2 + 50 + 25*p + 15*p**3. Let j be z(15). Calculate the highest common divisor of 75 and j.
25
Let u(a) be the first derivative of 3/2*a**2 - 1/4*a**4 - 9*a - 2/3*a**3 + 21. Let j be u(-4). What is the highest common divisor of 11 and j?
11
Suppose -4*f + 41 = 33. Suppose 0*x - 8 = -f*x. Suppose 12 = x*w + 3*q, 2*q + 6 = w + w. What is the greatest common factor of 2 and w?
1
Suppose -47*t + 45*t = 6. Let a = 119 - t. Let x = -79 + a. What is the greatest common divisor of x and 172?
43
Let l(v) = -6*v + 9. Let u be l(-8). Suppose 5*c + 16 + 5 = 2*s, -4*s - 5*c = -u. Suppose -s*j = -12*j - 140. Calculate the greatest common factor of 35 and j.
35
Let s be (15/(-1))/(11/(-11)). Let f = s - -87. What is the greatest common factor of f and 136?
34
Let y(s) = 104*s - 167. Let o be y(2). Calculate the greatest common factor of 3321 and o.
41
Let s be 19*2 - (1 - 1). Let l(f) = -4*f**3 + 23*f**2 + 10*f + 24. Let g be l(-4). Calculate the highest common divisor of g and s.
38
Let p(j) = j**2 - 2*j + 2. Let u be (5 - -2)*1/7. Let n be p(u). Let s be (-4674)/(-82) - (-1 + (n - 1)). Calculate the highest common divisor of 232 and s.
58
Let s be (42 - 12)*6608/35. What is the highest common factor of s and 531?
177
Let m = 22 + -88. Let y be (-44)/m - 1/((-6)/104). What is the greatest common factor of y and 216?
18
Let j be 21*4/22*(-99)/(-63). Calculate the highest common divisor of 894 and j.
6
Let z = -30 - -45. Let g(k) = -2*k**3 + 5*k**2 - 9*k - 4. Let s be g(-4). Calculate the highest common factor of s and z.
15
Let p(n) = 2*n**3 - 8*n**2 - 9*n + 112. Let z be p(5). What is the highest common divisor of z and 1027?
13
Let n(p) = p**2 - 2*p + 17. Let k be n(0). Suppose 4*j = 3*z - 72, -13*z + k*z - 2*j - 106 = 0. Calculate the greatest common factor of z and 476.
28
Let r(y) be the first derivative of -y**3 + 63*y**2/2 + 50*y + 92. Let f be r(21). What is the greatest common factor of f and 70?
10
Let t be (7 + 840/24)/((-3)/(-16)). What is the highest common divisor of t and 1372?
28
Let x(w) = 25*w - 25. Suppose -5*a - 8 = -7*a. Let m be x(a). Calculate the greatest common divisor of 50 and m.
25
Let q = -1343 - -1565. Let n be (6 - 5) + (4 - -1). Calculate the highest common divisor of q and n.
6
Let b(o) = 27*o - 125. Let n be b(5). Let r be 6/(-33) + 120/66*n. Calculate the highest common factor of 153 and r.
9
Let a(r) = r**3 + 3*r**2 - 6*r + 6. Let l be a(3). Suppose -3*g = 3*x - 1143, 51*x + 747 = 2*g + 48*x. Calculate the highest common divisor of g and l.
42
Let x(z) = -z**3 + 3*z**2 + 6*z - 6. Let l be x(3). Let g = 11 - 7. Suppose -2*c + g*c = 192. Calculate the greatest common divisor of l and c.
12
Let s = -1324 + 1330. What is the highest common divisor of 38 and s?
2
Suppose 2*w + 2*w + 120 = 0. Let n be 104/(-10)*w/12. What is the highest common divisor of 117 and n?
13
Let l(i) = 2*i**3 + 80*i**2 - 255*i + 137. Let z be l(-43). Calculate the greatest common factor of z and 184.
8
Let j = 45 + -14. Let b = 387 + -384. Suppose -3*t = 3*n - 54, 3*n + 29 = b*t - j. What is the highest common divisor of t and 57?
19
Let i = 32 + -28. Let x be 38 - -85 - ((-1 - -2) + -2). What is the highest common factor of i and x?
4
Let p = 20380 + -20211. What is the highest common divisor of p and 13?
13
Let v = -10312 + 10340. Let b = -1963 - -3083. Suppose -8*j + b = -3*j. Calculate the greatest common factor of j and v.
28
Suppose -323*j = -322*j + 100. Let s = -85 - j. What is the highest common divisor of s and 120?
15
Let y(q) be the second derivative of 1/20*q**5 + 5*q - q**3 + 1/3*q**4 + 0 + 5/2*q**2. Let j be y(-5). Calculate the greatest common factor of j and 80.
10
Let r(g) = -239*g - 1663. Let o be r(-7). What is the greatest common divisor of o and 2810?
10
Suppose -4*f + h + 78884 = 0, -213*h + 217*h - 16 = 0. Calculate the greatest common factor of f and 6.
6
Let a be 84/(-126) - (0 - 16/6). Let p be (-3 + 4 - a) + 1 + -112. Let y be p/8*4/(-14) + 76. What is the highest common divisor of y and 10?
10
Suppose 3*m - 51110 = 5*z, m - 17036 = 1713*z - 1711*z. Calculate the greatest common divisor of 240 and m.
240
Suppose -l - 22 = -21, -3*n = 2*l - 70. What is the greatest common factor of 1128 and n?
24
Let w(v) = -v**3 + 14*v**2 + 12*v - 77. Let a be w(13). Let h = a + -245. What is the highest common factor of h and 159?
3
Suppose 0 = -99*t + 657 + 3105. Calculate the highest common divisor of 2698 and t.
38
Let o = 103 - 98. Let s be (-4)/6 - 16/(-6). Suppose -s + 27 = d. What is the greatest common factor of d and o?
5
Let c(p) = 42*p**2 - p - 5. Let k be c(4). Let u = 141170 - 141119. Calculate the greatest common divisor of u and k.
51
Let j(z) = 441*z + 835. Let o be j(17). Calculate the greatest common factor of 4 and o.
4
Let t be 1*(10 - 13)/((-9)/15). Suppose -d - d + 3*j + 251 = 0, -15 = t*j. Calculate the greatest common factor of 88 and d.
11
Let j = -2269 - -2630. Calculate the highest common factor of 38 and j.
19
Let a = -623 - -623. Suppose 11*n - 1294 - 14227 = a. What is the highest common factor of 83 and n?
83
Suppose -3*q - 1122 = s - 4*s, -s = q - 374. Suppose s = 10*c + 12*c. Calculate the highest common factor of c and 204.
17
Let w be (-4)/(-22) - (-106)/22. Suppose 7 = -2*t - 3*r, -w*r = -3*t - 4 + 22. What is the highest common divisor of t and 4?
1
Let y = 8059 - 7280. Calculate the greatest common factor of y and 19.
19
Let d = 2 + 4. Suppose 0 = d*m - 3*m - 102. Let q = 18587 - 18536. Calculate the highest common divisor of q and m.
17
Let c(j) = 8*j - 24. Let w be c(2). Let u be 3 - ((-7860)/70 + w/(-28)). What is the greatest common factor of u and 5?
5
Let a be 30 + -22